3)/2. Give c(k).
-9
Suppose -2 = -v + 5*m + 2, 2*v = -3*m + 8. Let x(z) = 2*z**3 - 4*z**3 - 3 + 2*z**3 + z**3 + 2*z - 4*z**2. Give x(v).
5
Let b(t) be the second derivative of -t**3/2 + 3*t**2/2 + 8*t. Calculate b(4).
-9
Let p(m) be the first derivative of m**4/24 - m**3/6 + 5*m**2/2 - 4. Let q(o) be the second derivative of p(o). Calculate q(-1).
-2
Let l(z) = -z**2 - 4*z + 1. Suppose 3*n = -2*a + 3, 4*n - 3 = -4*a + a. What is l(a)?
4
Let k(m) be the first derivative of m**2 + 0*m + 2 - 1/12*m**4 - 1/2*m**3. Let j(s) be the second derivative of k(s). What is j(-3)?
3
Let q(s) be the first derivative of -2*s**2 - 2*s + 1. Let v(p) = p + 1. Let k(d) = q(d) + 6*v(d). Give k(-4).
-4
Let n(p) = -5*p - 3. Suppose 3*g + 2 = -q - 0*q, 0 = 3*q + 4*g + 6. What is n(q)?
7
Let t(x) = x**2 - 8*x - 12. Let q = -21 - -30. Let w be t(q). Let n(f) = -6 + 3 + 2*f**2 - f + 2 + f**3 + 4. Calculate n(w).
-3
Let z(y) = y - 1. Let l(n) = -n**2 - 2*n + 4. Let v be l(-5). Let b = v + 5. Let i be (-16)/b + (-2)/3. What is z(i)?
1
Suppose 9 = 5*r - a, 0 = 5*r - 0*r - 3*a - 7. Let o(m) = -5*m + m**r + 6 - 2*m - 2. Give o(5).
-6
Let m(a) = -a**3 - a**2 - a. Let j(v) = -22*v**3 - 5*v**2 - 7*v - 1. Let h(y) = j(y) - 5*m(y). What is h(-1)?
18
Let l(t) = -t**2 - 2*t + 1. Suppose -s = -3*g + 15 - 0, -g + 2*s + 10 = 0. Suppose -g = -0*o - o. Suppose -o = f - 2*f, -4*q + 4 = 4*f. Give l(q).
-2
Let z(h) = h**2 + 2. Let n be z(0). Let b(s) = -n*s - 3 + 2 + 0 - 4. What is b(-4)?
3
Suppose 5 = 2*w + 3*w. Let z(g) = -2 + 0 - w + g. Determine z(5).
2
Let n(a) = -2*a**2 + 2*a + 4*a**2 + 2 - 5*a**2. Let t(s) = -3*s - 13. Let j be t(-5). Give n(j).
-6
Suppose 5*v - 3*b - 18 = 2*v, -2*b = 8. Let i(p) = -6*p**2 - 5*p - 8. Let n(l) = 2*l**2 + 2*l + 3. Let y(t) = -4*i(t) - 11*n(t). Give y(v).
3
Let p(y) be the second derivative of y**3/6 + 4*y**2 + 12*y. Give p(0).
8
Let q(i) = -i**3 + 8*i**2 + 6*i - 2. Let t(b) = b**3 - 9*b**2 - 6*b + 1. Let v(n) = -5*q(n) - 4*t(n). Give v(5).
1
Let s(j) = -9*j - 5. Let c(u) = -5*u - 2. Let d(m) = 11*c(m) - 6*s(m). What is d(0)?
8
Let f(k) be the second derivative of k**4/12 + 5*k**3/6 + k**2/2 + k. Let x = -9 + 9. Let p be -2 + -1 + x + 1. Give f(p).
-5
Let t(j) be the first derivative of j**2/2 + 6*j + 1. Let y be 0 + 4 - -19 - 1. Let n = 17 - y. Calculate t(n).
1
Let z(y) = -y - 3. Suppose 4*c + 6 = -6. What is z(c)?
0
Suppose 21*o - 5*o = -32. Let r(d) = 3*d**2 + d + 2. What is r(o)?
12
Suppose -2 = 2*d + 2. Let k(i) be the third derivative of -i**5/30 - i**4/8 - i**3/6 + 11*i**2. What is k(d)?
-3
Let a(h) = 4*h**2 + 11*h + 6. Let z(n) = -n**2 - n + 1. Let m(t) = -a(t) - 3*z(t). Let v be m(-6). Suppose g - v*g = -6. Let b(c) = 4*c - 2. What is b(g)?
10
Let o(x) = -6*x**2 - x + 1. Let h be 0 + (-1 - -4) + 1. Suppose 3*k + 5*m = 12, -3*m = h*k + 2*m - 16. Suppose -k = -2*f, 0 = 3*z - 4*f - 0 + 5. What is o(z)?
-6
Let s(g) = -7 - 4*g + 3*g + 4*g. Give s(6).
11
Let n(f) = f**2 + 5*f + 4. Let u be n(-4). Let l(h) = h**2 + h + 11. What is l(u)?
11
Suppose -3*v = -0*v - 15. Let f(y) = 4 - 2*y - v - 10. Let g be f(-8). Let l(z) = -z**3 + 5*z**2 - 6. Calculate l(g).
-6
Let o(l) = -2 + 6 - 5*l + 6*l. Determine o(-3).
1
Let h(l) = -l**2 - 9*l + 12*l + 0*l + 4 - 2*l. What is h(-3)?
-8
Suppose 9*h + 9 = 6*h. Let m(v) be the second derivative of -v**5/20 - v**4/12 + v**3/2 - 2*v**2 - v. Give m(h).
5
Let i(c) = -3 + 6 - 5*c + 15*c**2 - 13*c**2. Determine i(3).
6
Let g(p) = p**3 + 5*p**2 + 6*p + 14. Let y be g(-4). Let c(r) = -r**2 + 9*r - 7. Determine c(y).
11
Let r = -5 - -10. Let n(z) be the second derivative of z**4/12 - z**3 - z**2/2 - 5*z. Calculate n(r).
-6
Let c be 2/(-4)*(-8)/(-2). Let y(i) = -2*i**3 - 2*i**2 + 2*i. Let n be y(c). Let l(x) = n + x**2 + x + x - 8. Determine l(3).
11
Let v(i) = i**2 + 1. Let j be v(1). Let l be -2 - (j + (-4)/2). Let c(x) = -x + 3. Let b(m) = -1. Let p(h) = 5*b(h) + c(h). Determine p(l).
0
Let i(v) = v**2 + 2*v + 3. Suppose x = 3*q + q - 4, -37 = 5*x - 3*q. Let z be 4/(-16) - (-14)/x. Determine i(z).
3
Let k(r) be the second derivative of r**5/120 + 5*r**4/24 + 2*r**3/3 - 3*r. Let h(f) be the second derivative of k(f). Calculate h(6).
11
Let a(n) = -3*n - 1 + 2*n + 8. Suppose 2*c - 8 - 7 = -3*r, -c - 3 = 0. What is a(r)?
0
Let s(v) = v**3 - v**2 + v. Let m(p) = -p**3 - 3*p**2 - 8*p + 8. Let g(l) = -m(l) - 2*s(l). Determine g(6).
-8
Let t(n) = -3*n - 5. Let s(w) = 16*w + 24. Let r(f) = f**2 + f - 1. Let o be r(-4). Let y(x) = o*t(x) + 2*s(x). Determine y(-7).
0
Let h be 15/(-6) - 2/(-4). Let d = 5 + h. Let s(t) = -t**3 + t**2 + 0*t**3 + 4 + 2*t**3 - d*t. What is s(-3)?
-5
Let r(u) = u**3 - u**2 - u. Let f = 23 + -23. Determine r(f).
0
Let x(l) = l - 1. Let d(y) be the second derivative of -y**5/5 + y**3/3 + y**2/2 - y. Let s be d(-1). Suppose 2 = z - 3*z, 1 = 4*r + s*z. Calculate x(r).
0
Let i(l) = -l**2 - 5*l + 8. Let s = -15 - -7. Let w be ((-2)/8)/(2*(-5)/80). Let r = s + w. Determine i(r).
2
Let w = 15 + -8. Let p(j) = -2*j**2 - 2*j**3 - 6 - 2*j**3 - 2*j**3. Let k(x) = -6*x**3 - 2*x**2 - 5. Let l(d) = w*k(d) - 6*p(d). Determine l(-1).
5
Let u(z) = -z**2 + 6*z - 3. Suppose -2*a + 10 = 2*h - a, -3*a = -3*h + 6. Let y be h/(-2) - (-8)/2. Determine u(y).
5
Let j(n) = 7*n + 186*n**2 - 2 + 177*n**2 - 362*n**2. Let k be 0/1 - (0 + 6). Calculate j(k).
-8
Let w(u) = 2*u**2 - 7*u**3 - 3*u**2 + 6*u + u**2. Let j(h) = -8*h**3 + 7*h. Let i(x) = -5*j(x) + 6*w(x). Calculate i(-1).
1
Let h(c) = -3*c - c - 2*c + 2 - 3*c. Let i(u) = 2*u**2 - 4*u + 2. Let o be i(2). Give h(o).
-16
Suppose -2*t + 5*p + 34 = 0, 0 = p - 0*p - 4. Suppose 0 = l - 0*l + t. Let s be l/6 + 3/6. Let w(u) = u**2 + 4*u + 6. Calculate w(s).
6
Let i(s) be the second derivative of 0 - s - 1/3*s**3 + 7/2*s**2. Calculate i(5).
-3
Let b(u) = -u**2 + 8*u. Let q(d) = d**2 - 15*d + 43. Let r be q(3). What is b(r)?
7
Let p(x) = 5*x**2 - 4*x + 5. Let f(q) = -9*q**2 + 8*q - 9. Let t(h) = 6*f(h) + 11*p(h). Give t(-2).
-3
Let p = -15 + 15. Let l(w) = w**2. Calculate l(p).
0
Let c(w) = -w**3 + 3*w**2 - 4. Let t = -1 - -4. Give c(t).
-4
Let x(s) be the second derivative of -s**5/20 + s**3/6 - 27*s. Let k(q) = q**3 - 4*q**2 + 3*q - 2. Let j be k(3). Determine x(j).
6
Suppose -2*d + 2*r = 12, 0*d + 2*d + 4*r - 6 = 0. Let a be 1/((2/(-4))/(-1)). Let l(i) = -4 + 3 + a*i + 3 + i**2. Calculate l(d).
5
Let d(v) = 16*v**2 - 19*v + 56. Let l(y) = 3*y**2 - 4*y + 11. Let g(u) = 2*d(u) - 11*l(u). Determine g(6).
-9
Suppose 10 = -2*s, -5*a + s + s = -20. Suppose 0 = -j + 5*m - 22, a*m - 4 = 2*j - 4*j. Let q(k) = 4 + 0 - 2 + 2*k. Determine q(j).
-2
Let g(p) = -5 + 6 + 0*p + 3 + p. What is g(-3)?
1
Let z be (-2)/6*3*-2. Let h(q) be the first derivative of 4 - 1/3*q**3 + 1/4*q**4 - 2*q - 1/2*q**2. Determine h(z).
0
Let o(x) = x - 3. Suppose -5*w = -17 + 7. Suppose 3*n - w*n = 14. Suppose 2*z = n - 4. What is o(z)?
2
Let w(y) = -2*y + 1. Let z(p) = 8*p + 7. Let q(n) = -7*n - 6. Let r(m) = 7*q(m) + 6*z(m). Let f be r(-4). Give w(f).
-7
Let n be 8/44 + (-48)/22. Let m(h) = -h**2 - h + 11. Let l(j) = -j**2 - j + 12. Let t(y) = n*l(y) + 3*m(y). Calculate t(0).
9
Let v(s) be the first derivative of 1/2*s**2 + 3 - 13*s. Calculate v(6).
-7
Let g(a) = -a + 11. Let q be g(0). Suppose -4*y - 1 = -2*m - 9*y, 3*m - 2*y = q. Let j(v) = v**3 - 3*v**2 - 2. What is j(m)?
-2
Suppose -2*g - 3 = -3*g. Let v(u) = -4*u + u**3 + 0*u**g + 3*u - u - 3*u**2. Give v(4).
8
Let g be 50/5 - (-4 + 2). Suppose -5*i - 14 = k, -4*i - 16 - g = 5*k. Let r(b) = -4*b + 4 + 2*b**2 - 2 + 6*b. Calculate r(i).
6
Suppose 0 = 2*t + 3*u, -3*t = -u + 20 + 2. Let p(s) = 9*s**2 + 14*s + 25. Let l(d) = 5*d**2 + 7*d + 13. Let v(i) = 7*l(i) - 4*p(i). Determine v(t).
-3
Let z(k) = -15*k**3 - 15*k**2 - 15*k - 5. Let o(g) = -7*g**3 - 7*g**2 - 7*g - 3. Let u(c) = -13*o(c) + 6*z(c). Calculate u(0).
9
Suppose -2*l = 5*p + 3, -8 = -2*p - 2*p + l. Let k(d) = -2*d + 1. Let t be k(p). Let i(x) = 3*x**2 - 2*x - 1. Determine i(t).
4
Let o = -1 - -4. Suppose -4*v - o*g = -11, -6*g = -3*v - 2*g + 2. Let r(z) = 2*z**2 - 3*z + 3. Calculate r(v).
5
Suppose -3*x + 2*i = -2*i + 7, -i - 5 = -3*x. Let o(r) = 4*r**2 - r**3 + x*r**2 - r**2 - 7*r + 6. Give o(5).
-4
Let t(g) = -4*g**2 + 5*g - 5. Let a(i) = -7*i**2 + 10*i - 10. Let r(h) = -3*a(h) + 5*t(h). Calculate r(4).